uppose 0 = 5*p - y*p + 2695. What is the units digit of p?
5
Let k = 3 - 6. Let x(j) = 3*j + 4. Let s be x(k). Let w = 8 + s. What is the units digit of w?
3
Let b = -2 + 38. Let l = b + 24. What is the tens digit of l?
6
Suppose 3*p - g - 1762 = 6, 0 = -p + 2*g + 596. Let f = p + -283. What is the tens digit of f?
0
Let m be (3 - 2) + -1 - -4. Let s = 5 - m. What is the units digit of s/3 - 8/(-3)?
3
Suppose 2*c + 35 = 85. Suppose 2*o = 83 + c. What is the tens digit of o?
5
Suppose -2*f + 24 = -4*g, 0 = 2*f + f - 5*g - 32. Suppose f - 24 = 5*i, -2*i + 80 = q. What is the units digit of q?
8
Let j be (6 - 3 - 1) + -2. Suppose j = -3*l + 354 - 93. What is the units digit of l?
7
Suppose -72 = -8*o + 12*o. What is the units digit of o/3*3/(-18)?
1
Let h(m) = -m**3 + 11*m**2 + m - 8. Let y be h(11). Suppose -y*t + 2*q = -150, -q + 50 = t - 2*q. What is the tens digit of t?
5
Let u be 126*4/70*15. Let f be (6 - 0)/((-6)/(-4)). Suppose -u = -f*v + 2*v. What is the tens digit of v?
5
Let m(b) = -48*b - 27. What is the tens digit of m(-10)?
5
Let n(b) = -2*b**3 + b**2 + 5*b - 10. Let o be n(4). Let t = -66 - o. What is the tens digit of t?
3
Let a be (-97)/4 - (-1)/4. Let d = a - -48. Suppose -2*q + d = -34. What is the tens digit of q?
2
Suppose 0 = -3*s - c - c + 13, 3*s - 3*c = 33. Suppose -11*b + s*b = -356. What is the units digit of b?
9
Let a be 19412/12 + 3*(-1)/(-9). Suppose 198 - a = -5*h. What is the units digit of h?
4
Let m(y) = y**3 + 0*y + 4*y + 22*y**2 - 12*y**2 - 8 + 25. What is the tens digit of m(-9)?
6
Suppose 7*h - 786 = 3*d, 4*h = h + d + 336. What is the tens digit of h?
1
Suppose 2*b - 11311 = -2751. What is the thousands digit of b?
4
Let l(m) = 54*m - 171. What is the tens digit of l(37)?
2
Let o(t) = t**3 + 13*t**2 + 12*t + 8. Let b be ((-154)/(-28))/(2/(-4)). What is the units digit of o(b)?
8
Suppose 315 = 10*r - 5*r. Suppose 6*d - r = 159. What is the tens digit of d?
3
Suppose -18 = 48*h - 51*h. Let u(n) be the second derivative of -n**5/20 + 5*n**4/12 + 7*n**3/6 + 4*n**2 + 2*n. What is the units digit of u(h)?
4
Let m = -157 - -2937. What is the tens digit of m?
8
Let o(d) = d**2 + d + 14. Let u be o(-11). Suppose -8 = 2*m + u. Let c = -33 - m. What is the tens digit of c?
3
Let z(p) = p**3 + 46*p**2 - 17*p - 150. What is the tens digit of z(-46)?
3
Suppose -40*o + 21539 = -50181. What is the thousands digit of o?
1
Suppose 4*o - 26 + 14 = 0. Suppose -541 = -o*w - k - 4*k, -w + 169 = -4*k. What is the units digit of w?
7
Let a(t) = -t**3 - 20*t**2 - 25*t + 12. What is the tens digit of a(-20)?
1
Suppose -2*m - 3*s = -309, 770 = 5*m + 5*s - 0*s. Let v = m + -109. What is the units digit of v?
4
Let t(b) = -2*b**3 - 8*b**2 + 6*b - 11. Let w(q) = q**3 + 2. Let m be w(-2). What is the tens digit of t(m)?
9
Let v be 6 + -10 - (7 + -1). Let y be (-8)/20 + (-4)/v. What is the units digit of (y + -4 + 10)*4?
4
Let j(g) = -3*g**2 + 2*g + 9. Let b be j(3). What is the tens digit of (118/(-8))/(3/b)?
5
Let i(p) = -7*p + 16. Let n be i(4). Let h(v) = -v**2 - 17*v - 25. What is the tens digit of h(n)?
3
Suppose -2 = -5*n - y, y - 2 = -n - 0*n. Suppose -11*p + 7*p + 4 = n. What is the units digit of p/(-2)*60/(-2)?
5
Let y(c) = c - 10. Let q be -4*(-2)/4 - -14. Let w be y(q). What is the tens digit of (-3)/w - 429/(-6)?
7
Suppose -6*f + 9 = -3*f. Let p(u) = -u**2 - 161*u**3 + 6*u - 6*u**2 + 160*u**f. What is the units digit of p(-8)?
6
Let u(z) = z**2 + z. Let m be u(1). Suppose -2*c - 8 = -m*q + 42, q + 2*c - 25 = 0. What is the tens digit of q?
2
Let b be ((-460)/25)/4 - (-4)/(-10). Let z(d) = d**3 + 7*d**2 + 3*d - 4. What is the units digit of z(b)?
1
Suppose -4*f + 12 + 16 = 0. Suppose 3*n - f = 5. Suppose 5*w - 97 - 50 = -k, -n = -2*k. What is the units digit of w?
9
Let n be 24/(-8) + 4 + 4*1. Suppose -381 + 1996 = n*u. What is the hundreds digit of u?
3
Suppose -z + 2*g = -5, -2*z - 20 = -6*z + 5*g. Let i be (-321)/2*2/(-3). Suppose -4*h - d + 6 = -i, -3*h = -z*d - 79. What is the tens digit of h?
2
Let x = -811 + 2046. What is the tens digit of x?
3
Let i be 54 + 1 - 0/7. Suppose d + 4 = -4*h + i, d = 4*h - 61. What is the tens digit of h?
1
Suppose 26*j + 1571 = 3*p + 21*j, -3*p = j - 1601. What is the hundreds digit of p?
5
Suppose -210*n + 205*n = -3350. What is the hundreds digit of n?
6
Let o = -6 + 2. What is the tens digit of 1 + 69 + o/(-4)?
7
Let k = -649 + 1934. What is the units digit of k?
5
What is the tens digit of 26 + 6 + (-18 - -11)?
2
What is the units digit of (192/(-144))/((-6)/5373)?
4
Suppose -5*o + 0 + 20 = 0. Suppose l - 171 = -4*f - 2*l, -f + 46 = o*l. What is the tens digit of f?
4
Suppose -182*g + 184*g = 180. What is the tens digit of g?
9
Let r(o) = -o**2 - 10*o - 9. Let g be r(-7). Let i = -9 - -38. Let p = i - g. What is the units digit of p?
7
Suppose 2 = 2*s - 4. Suppose -s*c = 3 - 33. Suppose 9*w - 7*w = c. What is the units digit of w?
5
Suppose -3*m = 2*h - 18, 2*h + 5*m - m = 20. Suppose -187 - 161 = -h*o. What is the units digit of o?
8
Suppose 0 = 8*r - 665 - 2831. What is the units digit of r?
7
Suppose -5*j + 6*j - 43 = 0. Let p = j - 1. Suppose -o = -3*o + p. What is the tens digit of o?
2
What is the thousands digit of (12 + -4 - 4) + 4274/2?
2
Let g be 7 - (0 + 3 + 0). Suppose -32 = -4*y + 3*n, -g*n - 8 = 2*y - 46. Suppose 4*l = 3*x + 2*x, -4*x + y = -l. What is the units digit of x?
4
Let p(t) = 76*t**2 + 1. What is the units digit of p(1)?
7
Suppose 3*c - 1152 = -276. What is the units digit of c?
2
Suppose 4*a + 2 - 18 = 2*p, 8 = -4*p + 2*a. Suppose p = -w + 2*c + 72 - 14, -3*w = -5*c - 177. What is the tens digit of w?
6
Let b(s) = 9 + 7 + 2*s**3 - 2*s - 6*s**2 - 4. What is the units digit of b(4)?
6
Suppose -5*j + 49 = -3*g, -22 = -2*j + 6*g - 4*g. Suppose 0 = 9*r - j*r + 10. What is the units digit of (-21)/35 - 96/r?
9
Let c = -5879 - -9494. What is the hundreds digit of c?
6
Let s be 2 - (-2 - 2/(-1)). Suppose -150 = 913*c - 919*c. Suppose s*n - 83 = -5*d, 6*d - d = c. What is the tens digit of n?
2
Suppose -o + 4 = 4*d, 3*d + d - 5*o = 28. What is the units digit of 72/d + (-8)/(-4)?
8
What is the thousands digit of 3951 - 7 - (-1 + 0)?
3
Let k(v) = 96*v - 3. Let z be k(8). Suppose 53 = 5*x - 32. What is the tens digit of z/x - (0 - 2)?
4
Let v = 74 - 14. Suppose v = j - 49. What is the hundreds digit of j?
1
Suppose -5*o = 9*o - 518. What is the units digit of o?
7
Let a = 19 - 15. Let j(f) = -f + 4. Let g be j(a). Suppose g = -5*z + 3*y + 197, 2*y + 198 = -2*z + 7*z. What is the units digit of z?
0
Suppose -2*w + 3*w = -11. Let z = 16 + w. Suppose -111 = -4*r - z*x, 2*r - 54 = r + 4*x. What is the units digit of r?
4
Suppose -5*q = 0, -5*w = -4*q - 62 - 33. Suppose 96 + w = 5*y. What is the tens digit of y?
2
Suppose 2*t = t - 2*a - 78, 0 = 3*t + 4*a + 226. Let y(r) = 105*r**3 - 3*r**2 - 3*r - 1. Let q be y(-1). Let i = t - q. What is the tens digit of i?
3
Let v = -53 + 25. Let l = v + 57. What is the tens digit of l?
2
Let r = 59 + -27. Suppose 5*j + 3*j - r = 0. Suppose s - 3*s = 2*a - 30, j*s - 4*a = 52. What is the tens digit of s?
1
Let y = -724 + 1394. What is the tens digit of y?
7
Suppose 5*o + 7*j - 4*j - 2290 = 0, 2*o + 4*j - 930 = 0. What is the tens digit of o?
5
Let v(o) = 360*o. Let f(h) = -9*h. Let i(c) = -81*f(c) - 2*v(c). Let u be i(-2). What is the units digit of ((-21)/u)/(2/12)?
7
Let j(d) = -1343*d + 7. What is the tens digit of j(-1)?
5
Let d(x) = -159*x - 4. Let q be d(3). Let t = -242 - q. What is the units digit of t?
9
Let h = -378 - -616. What is the units digit of h?
8
Suppose 3*i - 2*q = 5*i - 28, -4*q - 97 = -5*i. Let c(z) = -z**2 + 15*z - 14. Let l be c(11). Let v = l - i. What is the tens digit of v?
1
Let q be 1557/(-81) - 4/(-18). Let z = 19 + q. What is the units digit of (2 - 4) + z + 41?
9
Let p = -18 + 14. Let c be 22/(-77) + p/(-14). Suppose c = -5*z + 3*z + 88. What is the tens digit of z?
4
Suppose 770 = -5*r + 4590. What is the hundreds digit of r?
7
Let d(h) be the first derivative of -h**4/12 - 2*h**3/3 - 2*h**2 - 2. Let r(v) be the second derivative of d(v). What is the units digit of r(-6)?
8
Suppose -49 - 9 = 2*y. Let d = -5 - y. What is the tens digit of d?
2
Suppose y - 179 = -2*k, -8*y + k = -7*y - 194. What is the